3
What are the prime factors of 6717?
3, 2239
List the prime factors of 48390.
2, 3, 5, 1613
List the prime factors of 322.
2, 7, 23
List the prime factors of 3490.
2, 5, 349
What are the prime factors of 637?
7, 13
What are the prime factors of 59723?
59723
What are the prime factors of 181?
181
List the prime factors of 2722.
2, 1361
What are the prime factors of 141?
3, 47
What are the prime factors of 6751?
43, 157
What are the prime factors of 1118?
2, 13, 43
List the prime factors of 29108.
2, 19, 383
What are the prime factors of 2241?
3, 83
What are the prime factors of 91?
7, 13
List the prime factors of 4082.
2, 13, 157
List the prime factors of 731.
17, 43
What are the prime factors of 2534?
2, 7, 181
What are the prime factors of 898?
2, 449
What are the prime factors of 4152?
2, 3, 173
List the prime factors of 45923.
19, 2417
List the prime factors of 3600.
2, 3, 5
What are the prime factors of 23558?
2, 11779
What are the prime factors of 604?
2, 151
What are the prime factors of 13279?
7, 271
List the prime factors of 15835.
5, 3167
List the prime factors of 9972.
2, 3, 277
List the prime factors of 35119.
7, 29, 173
List the prime factors of 123234.
2, 3, 19, 23, 47
List the prime factors of 7943.
13, 47
What are the prime factors of 34014?
2, 3, 5669
List the prime factors of 23063.
23063
List the prime factors of 89696.
2, 2803
List the prime factors of 10927.
7, 223
List the prime factors of 1126.
2, 563
List the prime factors of 4604.
2, 1151
What are the prime factors of 685?
5, 137
List the prime factors of 15206.
2, 7603
List the prime factors of 6825.
3, 5, 7, 13
List the prime factors of 4528.
2, 283
List the prime factors of 15542.
2, 19, 409
List the prime factors of 6111.
3, 7, 97
What are the prime factors of 3039?
3, 1013
List the prime factors of 2346.
2, 3, 17, 23
What are the prime factors of 3418?
2, 1709
List the prime factors of 2301.
3, 13, 59
List the prime factors of 76588.
2, 41, 467
List the prime factors of 98950.
2, 5, 1979
List the prime factors of 2658.
2, 3, 443
What are the prime factors of 1264?
2, 79
List the prime factors of 5677.
7, 811
List the prime factors of 1111.
11, 101
What are the prime factors of 1698?
2, 3, 283
What are the prime factors of 480?
2, 3, 5
List the prime factors of 88.
2, 11
List the prime factors of 674.
2, 337
What are the prime factors of 1132?
2, 283
List the prime factors of 54056.
2, 29, 233
What are the prime factors of 80219?
97, 827
What are the prime factors of 49246?
2, 24623
What are the prime factors of 657?
3, 73
What are the prime factors of 140399?
7, 31, 647
List the prime factors of 1432.
2, 179
List the prime factors of 341.
11, 31
What are the prime factors of 3693?
3, 1231
What are the prime factors of 451?
11, 41
List the prime factors of 89260.
2, 5, 4463
What are the prime factors of 72527?
7, 13, 797
List the prime factors of 143720.
2, 5, 3593
What are the prime factors of 80032?
2, 41, 61
What are the prime factors of 3978?
2, 3, 13, 17
List the prime factors of 1135.
5, 227
What are the prime factors of 9232?
2, 577
What are the prime factors of 1228?
2, 307
List the prime factors of 819.
3, 7, 13
What are the prime factors of 99295?
5, 7, 2837
What are the prime factors of 1173?
3, 17, 23
List the prime factors of 167861.
167861
What are the prime factors of 6374?
2, 3187
What are the prime factors of 3909?
3, 1303
List the prime factors of 3703.
7, 23
What are the prime factors of 110855?
5, 22171
What are the prime factors of 1034?
2, 11, 47
List the prime factors of 262.
2, 131
List the prime factors of 32402.
2, 17, 953
What are the prime factors of 15803?
15803
List the prime factors of 42740.
2, 5, 2137
What are the prime factors of 20641?
20641
List the prime factors of 4398.
2, 3, 733
What are the prime factors of 2195?
5, 439
List the prime factors of 1029.
3, 7
List the prime factors of 493.
17, 29
List the prime factors of 2176.
2, 17
List the prime factors of 794.
2, 397
What are the prime factors of 3978?
2, 3, 13, 17
What are the prime factors of 4907?
7, 701
What are the prime factors of 72581?
181, 401
What are the prime factors of 8270?
2, 5, 827
What are the prime factors of 6303?
3, 11, 191
What are the prime factors of 25098?
2, 3, 47, 89
What are the prime factors of 26038?
2, 47, 277
List the prime factors of 9573.
3, 3191
List the prime factors of 3583.
3583
What are the prime factors of 4359?
3, 1453
List the prime factors of 58390.
2, 5, 5839
What are the prime factors of 39716?
2, 9929
What are the prime factors of 803?
11, 73
List the prime factors of 2040.
2, 3, 5, 17
List the prime factors of 1619.
1619
List the prime factors of 4489.
67
List the prime factors of 3745.
5, 7, 107
List the prime factors of 4733.
4733
List the prime factors of 86047.
13, 6619
List the prime factors of 869.
11, 79
List the prime factors of 1647.
3, 61
List the prime factors of 9974.
2, 4987
What are the prime factors of 7443?
3, 827
What are the prime factors of 58876?
2, 41, 359
What are the prime factors of 526?
2, 263
What are the prime factors of 680?
2, 5, 17
List the prime factors of 1407.
3, 7, 67
List the prime factors of 9644.
2, 2411
What are the prime factors of 1146?
2, 3, 191
What are the prime factors of 17210?
2, 5, 1721
What are the prime factors of 894?
2, 3, 149
What are the prime factors of 4397?
4397
List the prime factors of 334.
2, 167
What are the prime factors of 329?
7, 47
List the prime factors of 14863.
89, 167
What are the prime factors of 850?
2, 5, 17
List the prime factors of 56997.
3, 2111
What are the prime factors of 70592?
2, 1103
What are the prime factors of 4079?
4079
List the prime factors of 9911.
11, 17, 53
What are the prime factors of 3540?
2, 3, 5, 59
List the prime factors of 1113.
3, 7, 53
List the prime factors of 1100.
2, 5, 11
List the prime factors of 2680.
2, 5, 67
List the prime factors of 116695.
5, 23339
List the prime factors of 907.
907
List the prime factors of 14792.
2, 43
List the prime factors of 7125.
3, 5, 19
List the prime factors of 47612.
2, 11903
List the prime factors of 36924.
2, 3, 17, 181
List the prime factors of 3278.
2, 11, 149
What are the prime factors of 8004?
2, 3, 23, 29
List the prime factors of 80914.
2, 23, 1759
List the prime factors of 13985.
5, 2797
What are the prime factors of 12772?
2, 31, 103
What are the prime factors of 13951?
7, 1993
List the prime factors of 49300.
2, 5, 17, 29
List the prime factors of 241.
241
List the prime factors of 121343.
121343
What are the prime factors of 43077?
3, 83, 173
What are the prime factors of 1460?
2, 5, 73
What are the prime factors of 800?
2, 5
List the prime factors of 117033.
3, 7, 5573
List the prime factors of 9519.
3, 19, 167
List the prime factors of 66281.
79, 839
List the prime factors of 7821.
3, 11, 79
List the prime factors of 142958.
2, 71479
List the prime factors of 503.
503
What are the prime factors of 521?
521
List the prime factors of 635.
5, 127
What are the prime factors of 4506?
2, 3, 751
List the prime factors of 292.
2, 73
List the prime factors of 119685.
3, 5, 79, 101
What are the prime factors of 2330?
2, 5, 233
What are the prime factors of 6892?
2, 1723
List the prime factors of 18398.
2, 9199
What are the prime factors of 47268?
2, 3, 13, 101
What are the prime factors of 893?
19, 47
What are the prime factors of 2215?
5, 443
What are the prime factors of 2577?
3, 859
List the prime factors of 22112.
2, 691
What are the prime factors of 2937?
3, 11, 89
What are the prime factors of 303?
3, 101
List the prime factors of 26037.
3, 11, 263
List the prime factors of 1814.
2, 907
List the prime factors of 1362.
2, 3, 227
List the prime factors of 4767.
3, 7, 227
What are the prime factors of 3469?
3469
List the prime factors of 33198.
2, 3, 11, 503
What are the prime factors of 104318?
2, 43, 1213
List the prime factors of 238.
2, 7, 17
List the prime factors of 22219.
17, 1307
What are the prime factors of 2382?
2, 3, 397
What are the prime factors of 312?
2, 3, 13
What are the prime factors of 21796?
2, 5449
What are the prime factors of 556?
2, 139
What are the prime factors of 1105?
5, 13, 17
What are the prime factors of 4034?
2, 2017
What are the prime factors of 3769?
